 = -8*r**3 + 9*r. Let s be k(-4). Let l be 1*(1 - -7) - 3. Is l + -1 + -1 + s prime?
True
Let u = -7 + 12. Suppose -u*l = 3*k - 2589, -2*l - 4*k + 344 = -686. Is l a prime number?
False
Suppose 10*p - s - 26368 = 5*p, 5*p - 4*s - 26377 = 0. Is p a composite number?
False
Let n(q) = -18*q - 4 + 6*q - 23*q + 4*q. Is n(-7) prime?
False
Suppose 0 = -62*u + 514808 + 138734. Is u a prime number?
False
Let p(r) = -2*r - 21. Let q be p(-12). Suppose -q*n + 8 = n. Suppose n*m = 5*m - 477. Is m composite?
True
Let v be 1*356/(-4)*-3. Suppose -3*b + v = -0*b. Is b prime?
True
Suppose -5*b = 2*y - 1997, -3*y - b + 0*b = -2976. Is y a composite number?
False
Let p = -5 + 31. Let x = 26 - p. Let h(q) = -q + 259. Is h(x) composite?
True
Suppose -90 = 2*f - 5*m, -f + 22 = 2*m + 58. Let q = -59 - f. Is q/(-3) + (-2)/6 prime?
False
Let t = -65 - -69. Suppose 4*h - 140 = 4*c, -t - 6 = 5*c. Is h a composite number?
True
Let a be ((-4)/(-8)*6)/(-1). Let y be (a - -4)*28/(-2). Is (-4)/14 - 438/y composite?
False
Suppose 360 = -6*d + 52266. Is d composite?
True
Let y = -90 - -94. Suppose -y*g + 5*f + 1175 = 0, -3*f - 309 = -3*g + 573. Is g a prime number?
False
Let c = -301 + 1662. Is c prime?
True
Let q = -90 - -95. Suppose 5*c + g + g = 0, 0 = 3*c + 3*g. Suppose c*k = q*k - 2495. Is k prime?
True
Let n = -47 - -51. Let z(i) = 15*i**3 + 6*i**2 + 4*i - 3. Is z(n) a composite number?
False
Let z(y) = -97*y - 27. Let u be z(-8). Let b = -228 + u. Is b a composite number?
False
Suppose 4*b + 446 + 1198 = 0. Let i = b - -960. Let l = -296 + i. Is l a composite number?
True
Let m(h) = -95*h**3 + h**2 + 5*h - 3. Is m(-2) a prime number?
True
Let m(v) = v - 10. Let n be m(-7). Let u = n - -21. Suppose -5*p + 80 = -u*p + d, 2*p - 4*d - 142 = 0. Is p a composite number?
True
Let d(q) be the second derivative of q**4/3 + q**3/6 + 2*q**2 - 14*q. Is d(-13) a composite number?
True
Is (-4)/(-6)*2753163/294 composite?
True
Suppose -a + 8928 = 4*o, -3*o + 6685 = -8*a + 6*a. Is o a prime number?
False
Let w(l) = -l**2 - 5*l - 2. Let r(m) = 1. Let f(x) = 5*r(x) + w(x). Let q be f(-7). Let d(a) = -82*a + 15. Is d(q) a prime number?
False
Let z(y) = -4*y**3 - y**2 - 13*y + 25. Is z(-7) prime?
True
Let o(m) = -22*m + 4. Let d(g) = -11*g + 2. Let y(n) = -7*d(n) + 3*o(n). Let c be y(5). Suppose 0 = 3*b - 49 - c. Is b composite?
True
Let c(z) = 4*z**2 - 16*z + 4. Let r be c(4). Suppose 8471 + 861 = r*b. Is b a composite number?
False
Let v(f) = 27*f**3 - 2*f**2 + 4*f - 10. Is v(3) composite?
True
Let d = 4 - -1. Suppose -d = -3*j - 2*j, -4*m = 5*j - 385. Is m composite?
True
Let z be (1744/(-4))/(5/(-10)). Let y = 279 + z. Is y prime?
True
Let t be 2*-3 + (-2)/(-1). Suppose 4 = q, -v - 110 + 992 = -3*q. Is (12/(-18))/(t/v) a prime number?
True
Let d be 147/(-3)*14 - 4. Let f = -268 - d. Is f a composite number?
True
Let q = -1023 + 1706. Is q composite?
False
Suppose 9107 = 3*a + 2*z, -3*z = a - 4*z - 3034. Is a prime?
False
Suppose 4*l - 4079 = -3*r, -2*r + 3072 = 3*l - 4*r. Suppose 871 + l = 3*o. Is o a composite number?
False
Suppose 444 + 325 = o. Is o a prime number?
True
Let y be (-5961)/(-5) + 8/10. Suppose 4*p + 125 = y. Is p composite?
True
Suppose 2*h + h - 15 = 0. Let q = 0 + h. Suppose -q*w = -20, 3*w - w - 180 = -4*v. Is v composite?
False
Let i be 1 - (-6 + 3 - -2). Let d(m) = 43*m**2 + m + 1. Let n be d(-1). Suppose -a - i*r = -111, -2*a - n = 2*r - 275. Is a composite?
True
Let i(x) = -2*x**2 - 41*x - 8. Let y be i(-20). Is 6/y + (-3028)/(-8) prime?
True
Suppose 0*r = 2*c - 5*r + 1457, 0 = -2*c - 5*r - 1427. Let n be (-3 + (-1016)/2)*-2. Let j = n + c. Is j a composite number?
True
Let z(h) = 17*h**2 + 23*h - 16. Is z(-10) composite?
True
Suppose y - 3*y = -5*a + 22412, -8962 = -2*a - 2*y. Suppose -a = -6*j - 0*j. Suppose -8*l = -3*i - 3*l + 437, -l = 5*i - j. Is i prime?
True
Let v be 4/10 + (-66)/(-10). Let s(m) = -15*m + v*m + 10*m - 3 + 42*m**2. Is s(4) a composite number?
False
Let x be ((-1)/(-3))/((-10)/(-18420)). Suppose 4*s - 6*s = -x. Is s a composite number?
False
Is 3012*(-1)/(-2) - -5 a composite number?
False
Let p(a) = 2*a**3 - 22*a**2 + 8*a + 37. Is p(17) a prime number?
False
Suppose -4*n + 19 = -5*d, -7 - 9 = -2*n - 4*d. Let k = -4 + n. Is ((-66)/(-4))/(1/k) a composite number?
True
Suppose -3*u + 105822 = 3*s, 4*s = 3*u + 73251 + 67880. Is s composite?
False
Let t(q) = -2*q - 8*q + 1 - 7*q**2 - 5*q**3 - 4. Let b(j) = -6*j**3 - 7*j**2 - 10*j - 4. Let m(o) = -4*b(o) + 5*t(o). Is m(-8) a prime number?
False
Suppose u = -3*x + 16129, -12*x + 16*x = 4*u - 64580. Is u composite?
False
Suppose 3*s - 3*u - 54 = -2*s, -4*s + 51 = -5*u. Suppose 5*j + 636 = s*j. Is j composite?
True
Let t = 49306 - 28127. Is t a prime number?
True
Let x be (-20 - 8)*678/(-8). Suppose x = -3*d - 3*y, 2*d + 4*y - 620 = -2196. Let h = -63 - d. Is h prime?
False
Is (-26)/(-117) - (-184636)/36*1 composite?
True
Is 364/(-156) + 80014/3 prime?
True
Suppose 11*b - 21308 = 7*b. Is b a composite number?
True
Suppose -31*k - 30 = -37*k. Suppose o = -k*i + 7*i - 10519, 0 = 4*i + 3*o - 21053. Is i prime?
True
Suppose -4*z = -2*u - 2163 - 110169, -4*u - 16 = 0. Is z a composite number?
False
Suppose 0 = -2*a - 5*f + 4487, 2*f = 3*a - 0*a - 6759. Is a a prime number?
True
Suppose -4*c + l + 291 = 0, -c + l - 14 = -89. Suppose -a + 119 + c = 0. Is a prime?
True
Let i(o) be the second derivative of 5*o**4 + 5*o**3/3 + 31*o**2/2 + 2*o + 4. Is i(-8) a prime number?
False
Suppose -5*z - 148 = -58. Let k be ((-4)/(-5))/(z/(-1305)). Suppose f - k = -5. Is f composite?
False
Let i(o) be the third derivative of 0 + 1/6*o**3 + 6*o**2 + 0*o + 3/8*o**4. Is i(1) composite?
True
Let c(g) = 15*g**2 + 26*g - 8. Let l be c(-7). Suppose 0 = 4*f + l - 8941. Is f composite?
False
Let g be 4/1 + (1 - 1). Suppose -g*w + 0*w + 1972 = 0. Is w prime?
False
Suppose 0 = 2*h - 0*h - 3*w - 2236, -2244 = -2*h - w. Is h a composite number?
True
Is (1387 - -4) + (-72)/(-12) a prime number?
False
Suppose -j + 5022 = j. Let z = -1642 + j. Is z composite?
True
Is (-3 - -2)*(-11 + -6456) composite?
True
Let l(c) = -c**2 - 16*c + 11. Let b be 17 + 7/(21/(-6)). Let n be -2 + b*2/(-3). Is l(n) a prime number?
True
Let v = 47742 - 27073. Is v composite?
True
Let s = 20 + -16. Suppose 4*m = 5*p + 2*m + 37685, s*p + 30171 = -3*m. Is (p/(-6))/(-7)*-2 a composite number?
False
Suppose 0 = -s - 17*s + 180. Is 4/s + (20835/25)/9 prime?
False
Suppose 4 = -l + 2, 5*h + 5*l - 19145 = 0. Is h a prime number?
False
Let f be (1 - (-20 + 1))*(-5)/10. Is (f/(-6) + 3 + -5)*-531 a composite number?
True
Suppose 89*v - 95*v = -363534. Is v a composite number?
False
Let t(a) = -a**2 - 23*a + 32. Let y be t(-24). Suppose -1425 + 11369 = y*n. Is n composite?
True
Suppose x = -2*w - 0 + 4, -4*w - 5*x = -2. Let f(n) = -n**3 - n**2 + 20 + w*n + 22 - 4*n + 52. Is f(0) a prime number?
False
Suppose 0 = 18*y - 13*y - 2*r - 10275, -5*y - r = -10260. Is y a composite number?
False
Suppose 4*y - 1 = 3*g - 3, 0 = 2*y + 5*g + 14. Let n(r) = -r - 6. Let t be n(y). Is -46*t/(3 + 1) prime?
False
Let b = 130 - 127. Suppose -2*c - 873 = -b*h - 4*c, -5*c = -15. Is h prime?
False
Let f(v) = v**2 + 2. Let s be f(0). Suppose 0 = s*d + 1007 - 3593. Is d prime?
False
Let q(h) be the first derivative of -1 + 1/3*h**3 + 5*h - 2*h**2. Is q(-4) a composite number?
False
Let k(w) = 1068*w**2 - 10*w + 27. Is k(2) a composite number?
True
Let h = 6 - -3293. Is h a prime number?
True
Suppose 27*t - 691355 = 292228. Is t a composite number?
True
Let j be (-3)/(-8) + (-144399)/(-24). Let b = 11796 - j. Is b a composite number?
False
Suppose -4839 = y - 1650. Let j = -1559 - y. Suppose 5*f + 25 = j. Is f a composite number?
True
Suppose -l = -2*h - 3, -l = -2*h - 6*l + 15. Suppose 14*z - 17*z + 165 = h. Is (-1 - -3)/(10/z) a prime number?
True
Let m = 3741 - -8122. Is m a composite number?
False
Let t(l) = 0 + 1 - 6*l**2 - 6*l - 12*l**2 + 3*l**2. Let c be t(-3). Let g = c - -243. Is g a composite number?
False
Suppose -2*y - 5 = 7. Is 1/y - (-7715)/30 composite?
False
Suppose 4*p + 12 = 0, 28766 = 5*a - 83*p + 86*p. Is a prime?
False
Suppose 105*h = 117*h - 203052. Is h composite?
False
Suppose 2*m - 7355 - 4123 = 0. Is m prime?
False
Let m = -2304 + 6211. Is m a prime number?
True
